 + 6. Let t(x) = -x**2 - 8*x + 75. Let j be t(-13). Let g = j - k. Calculate the remainder when 28 is divided by g.
13
Let l(f) = -3*f**2 + 30*f - 10. Calculate the remainder when l(6) is divided by 22.
18
Suppose i + 3*i = 36. Let l be (6/i)/((-2)/(-6)). Suppose -p + c - l*c = -19, -3*p - c = -51. Calculate the remainder when 45 is divided by p.
13
Suppose -19 = -5*k - 3*z, 0*z + 13 = k - 4*z. Suppose -3*w + 87 = 3*l, -k*l + 3*w = -54 - 75. Let n = l - 25. Calculate the remainder when 8 is divided by n.
0
Suppose -2*x + 28 = -5*u - 65, -4*u + 138 = 2*x. Suppose 5*s = 3*w + 76, -4*s + 6*w = 3*w - x. What is the remainder when s is divided by 4?
1
Let o = 96 + -59. Suppose 14*g - 19*g = -95. What is the remainder when o is divided by g?
18
Let i(p) = -p**3 + 5*p**2 - 2*p + 5. What is the remainder when 18 is divided by i(0)?
3
Let x = 131 - 104. Suppose -579 = -3*z - x. Calculate the remainder when z is divided by 11.
8
Let h(v) = 3*v**2 + 8*v - 15. Let r(p) = 3*p**2 + 2*p - 1. Let o be r(1). What is the remainder when h(o) is divided by 22?
21
Suppose 0 = 4*w + o - 33, 5 = -4*w - 5*o + 42. Let l(b) = b**3 + b - 3. Calculate the remainder when l(3) is divided by w.
3
Let z = -19 + -1. Calculate the remainder when 72 is divided by (-765)/(-21) + z/(-35).
35
Let o(n) = 33*n**2 + n. Calculate the remainder when o(-1) is divided by 17.
15
Let c = -1533 + 4678. What is the remainder when c is divided by 143?
142
Let x(v) = -89*v - 1037. Let b(w) = w**3 + 6*w**2 - 3*w - 7. Suppose -4 = t + 2. What is the remainder when x(-12) is divided by b(t)?
9
Suppose -33*y = -44*y + 176. Let r(b) = 3*b + 8. Let t be r(-6). Calculate the remainder when 4/10 - 296/t is divided by y.
14
Suppose -5*q = -4*q - 27. Let j = -5 + 15. What is the remainder when q is divided by j?
7
Let c(k) = -2*k + 2. Let b be c(-1). Suppose -3*d - 3*r + 10 - 1 = 0, -b*r = -4. Calculate the remainder when d is divided by 3 - 2 - 1 - -2.
0
Let i(b) = 160*b**3 + 5*b**2 + 8*b - 1. Let y(g) = -g**2 - g. Let v(c) = i(c) + 6*y(c). Let u be v(1). What is the remainder when 53 is divided by u/8 + 2*-1?
17
Let d = -150 + 161. Suppose d = 4*v - 3*i, -6*v + v + i + 11 = 0. What is the remainder when 12 is divided by v?
0
Let c(w) = 4*w**2 + 6. Let u(z) = -20 + 10*z**2 + 8 - z**3 - 8*z + 4*z - 6*z. Calculate the remainder when c(5) is divided by u(8).
34
Suppose -4*d - 2*p - 302 = -5*d, -1247 = -4*d - 5*p. What is the remainder when d is divided by 305?
3
Suppose -5*p = 4*f - 3*f, 5*f = 4*p + 29. Calculate the remainder when 48 is divided by f.
3
Let b(w) = -3*w + 85. Calculate the remainder when b(-14) is divided by 16.
15
Suppose -5*u = 3*l - 1036, 1702 = 5*l - 7*u + 3*u. Calculate the remainder when l is divided by 49.
48
Let g = 570 - 247. Calculate the remainder when g is divided by 27.
26
Suppose 18*k = 16*k + 92. Let y = 34 - k. What is the remainder when (-3)/(y/8) + 15 is divided by 9?
8
Calculate the remainder when (-26)/12 + 2 + 3463/6 is divided by 287.
3
Let s(r) = -55*r - 738. Calculate the remainder when 379 is divided by s(-14).
27
Let f = -36 + -20. Let z = 86 + f. Calculate the remainder when 59 is divided by z.
29
Let y(w) = -3*w + 1. Let o be y(-1). Suppose 2*t - o = 2*z + 12, -2*z = 10. Suppose -t*h + 161 = 5. Calculate the remainder when h is divided by 18.
16
Let j = -15 - -30. What is the remainder when 2/7 + 990/14 is divided by j?
11
Let v(k) be the third derivative of k**5/60 + k**4/12 - k**3/6 + 41*k**2. Calculate the remainder when 39 is divided by v(3).
11
Suppose 0 = -3*c + 15, -2*o + 6*o + 5*c - 121 = 0. What is the remainder when 105 is divided by o?
9
Suppose -2*i + 4 - 2 = 0, -s + 2 = 2*i. Let j be 4/4 + (58 - s). Let t = j - 33. What is the remainder when t is divided by 9?
8
Let b be ((-2)/(-3))/((-8)/(-132)). Let d = b + -6. Let r = 7 + d. Calculate the remainder when 21 is divided by r.
9
Let v(m) = m**3 - 6*m**2 - 17*m + 7. Calculate the remainder when v(10) is divided by 15.
12
Let z(p) = 7*p - 2. Let w(t) = -23*t - 58. What is the remainder when w(-4) is divided by z(2)?
10
Let j = 61 - 51. Suppose 0 = 5*g - 25 - 130. Calculate the remainder when (-4)/j + (-307)/(-5) is divided by g.
30
Suppose 2*u + 0 = p - 9, -4*u + 67 = 3*p. Suppose p*s - 471 = 14*s. What is the remainder when s is divided by 40?
37
Let c be 2 - 5 - -6*2. Let x(w) = -w**3 - 8*w**2 - 12*w + 8. Let a be x(-6). What is the remainder when 83 is divided by (19 - -2)*(c - a)?
20
Suppose 39 = 2*y + t, -y - 3*t + 7 = -5*t. Let p be -4*(2 + (-4 - -1)). Suppose -p*a + 239 + 29 = 0. Calculate the remainder when a is divided by y.
16
Suppose 27*o - 805 = -8*o. What is the remainder when 110 is divided by o?
18
Let y = -123 + 262. Let w = -44 + y. Calculate the remainder when w is divided by 24.
23
Let w(h) = h**2 + 11*h - 4. Let d be w(-12). Suppose -5*v = -4*p + 4, 5*v + 8 = p - d. Let u = p - -45. What is the remainder when u is divided by 14?
13
Let t(f) = -5*f + 16. Let s(r) = r. Let c(k) = 4*k + 7. Let a(u) = c(u) - 5*s(u). Let l be a(12). Calculate the remainder when t(l) is divided by 21.
20
Suppose 0 = -4*u - 5*b + 912, -2*u + b + 474 = -b. Calculate the remainder when 239 is divided by u.
6
Suppose -31*o = -7*o - 120. What is the remainder when 0 - -18 - (2 - 1) is divided by o?
2
Suppose -164 = -4*m + a, -3*m + 16 = 5*a - 130. What is the remainder when m is divided by 5?
2
Let i(j) = -j**3 + 2*j**2 + 2*j - 2. Let f = 39 + -22. Suppose 21 = -3*m - r + 58, -m = -2*r - f. What is the remainder when i(-3) is divided by m?
11
Suppose 3*l - 4*l + 1068 = -4*n, -5*n = 4*l + 1314. Suppose -1062 = 5*c - 162. Let p = c - n. What is the remainder when p is divided by 22?
20
Suppose 5*h + 2*i - 140 = 0, h + 84 = 4*h + i. Suppose -4*x + h = -20. What is the remainder when 19 is divided by x?
7
Suppose 5*f - 4*y - 113 = 14, 0 = -4*y + 8. Calculate the remainder when 70 is divided by f.
16
Suppose 0 = -2*z + 42 - 16. Let q = 4 - 2. What is the remainder when z is divided by 8 - q - (1/(-1) + 2)?
3
Let d be (6/(-8 - -2))/((-3)/57). Let h be (70/8 + -2)*4. Let t = h - d. What is the remainder when 30 is divided by t?
6
Let f(k) = k**3 - 3*k**2 - 2*k + 3. Let d(c) = 2*c**3 - 6*c**2 - 4*c + 7. Let u(b) = 2*d(b) - 5*f(b). Calculate the remainder when 19 is divided by u(3).
4
Suppose 5*r + 5*o - 95 = 0, 0*r - r + o + 23 = 0. Suppose 5*a - 4*p = -146, 0 = -4*p - 7 + 3. What is the remainder when r is divided by (32/(-10))/(12/a)?
5
Suppose 5*s - 1473 = -5*p - 408, p = 2*s + 210. What is the remainder when p is divided by 18?
14
Calculate the remainder when 104 is divided by (-4)/((-4)/5)*(0 + 3).
14
Let c be (-4 - 1)*1140/50. Calculate the remainder when 72 - -2*1/2 is divided by (-1)/(-1 + 1 + 6/c).
16
Let m = 37 - 3. Suppose 121 = 2*b - 3*n, m = 2*b - n - 89. Calculate the remainder when b is divided by 22.
18
Suppose 35 = 3*f + 4*g + 3, -4*g = 4*f - 44. What is the remainder when 57 is divided by f?
9
Suppose 4*x - 107 = -11. Suppose 0 = 3*y - 4*y + s + 52, -3*s = -2*y + 109. Calculate the remainder when y is divided by x.
23
Suppose 0 = -41*k + 14723 + 6351. Calculate the remainder when k is divided by 101.
9
Let q = -934 + 1002. What is the remainder when q is divided by 7?
5
Let k = 168 + -85. Calculate the remainder when 411 is divided by k.
79
Suppose -230*u + 227*u = -279. What is the remainder when u is divided by 42?
9
Let i = 6 + 6. Let x(w) = -10*w**2 + 2*w + 3. Let g be x(-3). Let k = -47 - g. What is the remainder when k is divided by i?
10
Suppose 2*s - 2 = 0, 5*k - 31 + 10 = 4*s. Suppose -k = 3*g - 8*g. What is the remainder when (-2 - (-9 + g)) + 1 is divided by 5?
2
Let t(a) = -2*a**3 - 7*a**2 - 11*a - 26. Calculate the remainder when 169 is divided by t(-4).
33
Let t(k) = k**3 - 8*k**2 + 9*k + 6. Calculate the remainder when 52 is divided by t(7).
12
Suppose k + 4*k = 1255. Suppose -8*d = -3*d - 4*l - 233, -5*d - 2*l + k = 0. What is the remainder when d is divided by (-13)/(-2)*-2*-1?
10
Suppose -3*h - 6 = 0, -19*z = -16*z + 2*h - 452. Calculate the remainder when z is divided by 8.
0
Suppose 0 = -3*y - 7*y + 780. What is the remainder when y is divided by 10?
8
Let z(p) = -p - 14. Let x be z(-6). Let y = 25 + x. What is the remainder when (2 + 11)/((-13)/(-65)) is divided by y?
14
Let